{"version":"1.0","provider_name":"\u00c9glise Adventiste du Septi\u00e8me Jour Mouvement de R\u00e9forme - Champ Est-Canadien","provider_url":"https:\/\/www.sdarm.ca\/fr","author_name":"Etienne Lombard","author_url":"https:\/\/www.sdarm.ca\/fr\/author\/etienne-lombard77","title":"Rapport de la conf\u00e9rence de Montr\u00e9al - \u00c9glise Adventiste du Septi\u00e8me Jour Mouvement de R\u00e9forme - Champ Est-Canadien","type":"rich","width":600,"height":338,"html":"<blockquote class=\"wp-embedded-content\" data-secret=\"gXYN7Or4eU\"><a href=\"https:\/\/www.sdarm.ca\/fr\/rapport-de-la-conference-de-montreal\">Rapport de la conf\u00e9rence de Montr\u00e9al<\/a><\/blockquote><iframe sandbox=\"allow-scripts\" security=\"restricted\" src=\"https:\/\/www.sdarm.ca\/fr\/rapport-de-la-conference-de-montreal\/embed#?secret=gXYN7Or4eU\" width=\"600\" height=\"338\" title=\"\u00ab\u00a0Rapport de la conf\u00e9rence de Montr\u00e9al\u00a0\u00bb &#8212; \u00c9glise Adventiste du Septi\u00e8me Jour Mouvement de R\u00e9forme - Champ Est-Canadien\" data-secret=\"gXYN7Or4eU\" frameborder=\"0\" marginwidth=\"0\" marginheight=\"0\" scrolling=\"no\" class=\"wp-embedded-content\"><\/iframe><script type=\"text\/javascript\">\n\/* <![CDATA[ *\/\n\/*! This file is auto-generated *\/\n!function(d,l){\"use strict\";l.querySelector&&d.addEventListener&&\"undefined\"!=typeof URL&&(d.wp=d.wp||{},d.wp.receiveEmbedMessage||(d.wp.receiveEmbedMessage=function(e){var t=e.data;if((t||t.secret||t.message||t.value)&&!\/[^a-zA-Z0-9]\/.test(t.secret)){for(var s,r,n,a=l.querySelectorAll('iframe[data-secret=\"'+t.secret+'\"]'),o=l.querySelectorAll('blockquote[data-secret=\"'+t.secret+'\"]'),c=new RegExp(\"^https?:$\",\"i\"),i=0;i<o.length;i++)o[i].style.display=\"none\";for(i=0;i<a.length;i++)s=a[i],e.source===s.contentWindow&&(s.removeAttribute(\"style\"),\"height\"===t.message?(1e3<(r=parseInt(t.value,10))?r=1e3:~~r<200&&(r=200),s.height=r):\"link\"===t.message&&(r=new URL(s.getAttribute(\"src\")),n=new URL(t.value),c.test(n.protocol))&&n.host===r.host&&l.activeElement===s&&(d.top.location.href=t.value))}},d.addEventListener(\"message\",d.wp.receiveEmbedMessage,!1),l.addEventListener(\"DOMContentLoaded\",function(){for(var e,t,s=l.querySelectorAll(\"iframe.wp-embedded-content\"),r=0;r<s.length;r++)(t=(e=s[r]).getAttribute(\"data-secret\"))||(t=Math.random().toString(36).substring(2,12),e.src+=\"#?secret=\"+t,e.setAttribute(\"data-secret\",t)),e.contentWindow.postMessage({message:\"ready\",secret:t},\"*\")},!1)))}(window,document);\n\/\/# sourceURL=https:\/\/www.sdarm.ca\/wp-includes\/js\/wp-embed.min.js\n\/* ]]> *\/\n<\/script>\n","thumbnail_url":"https:\/\/www.sdarm.ca\/wp-content\/uploads\/2023\/05\/588A9281-Copy-scaled.jpg","thumbnail_width":2560,"thumbnail_height":1707,"description":"Du 19 au 21 mai 2023, nous avons eu le privil\u00e8ge d&rsquo;accueillir une conf\u00e9rence \u00e0 Montr\u00e9al. Le th\u00e8me \u00e9tait \u00ab\u00a0De l&rsquo;huile dans ma lampe\u00a0\u00bb, comment le reste du peuple de Dieu doit se pr\u00e9parer \u00e0 la b\u00e9n\u00e9diction de la pluie de l&rsquo;arri\u00e8re-saison. Environ 120 participants [\u2026]"}

Église Adventiste du Septième Jour Mouvement de Réforme - Champ Est-Canadien

Rapport de la conférence de Montréal - Église Adventiste du Septième Jour Mouvement de Réforme - Champ Est-Canadien

<blockquote class="wp-embedded-content" data-secret="gXYN7Or4eU"><a href="https://www.sdarm.ca/fr/rapport-de-la-conference-de-montreal">Rapport de la conférence de Montréal</a></blockquote><iframe sandbox="allow-scripts" security="restricted" src="https://www.sdarm.ca/fr/rapport-de-la-conference-de-montreal/embed#?secret=gXYN7Or4eU" width="600" height="338" title="« Rapport de la conférence de Montréal » &#8212; Église Adventiste du Septième Jour Mouvement de Réforme - Champ Est-Canadien" data-secret="gXYN7Or4eU" frameborder="0" marginwidth="0" marginheight="0" scrolling="no" class="wp-embedded-content"></iframe><script type="text/javascript">
/* <![CDATA[ */
/*! This file is auto-generated */
!function(d,l){"use strict";l.querySelector&&d.addEventListener&&"undefined"!=typeof URL&&(d.wp=d.wp||{},d.wp.receiveEmbedMessage||(d.wp.receiveEmbedMessage=function(e){var t=e.data;if((t||t.secret||t.message||t.value)&&!/[^a-zA-Z0-9]/.test(t.secret)){for(var s,r,n,a=l.querySelectorAll('iframe[data-secret="'+t.secret+'"]'),o=l.querySelectorAll('blockquote[data-secret="'+t.secret+'"]'),c=new RegExp("^https?:$","i"),i=0;i<o.length;i++)o[i].style.display="none";for(i=0;i<a.length;i++)s=a[i],e.source===s.contentWindow&&(s.removeAttribute("style"),"height"===t.message?(1e3<(r=parseInt(t.value,10))?r=1e3:~~r<200&&(r=200),s.height=r):"link"===t.message&&(r=new URL(s.getAttribute("src")),n=new URL(t.value),c.test(n.protocol))&&n.host===r.host&&l.activeElement===s&&(d.top.location.href=t.value))}},d.addEventListener("message",d.wp.receiveEmbedMessage,!1),l.addEventListener("DOMContentLoaded",function(){for(var e,t,s=l.querySelectorAll("iframe.wp-embedded-content"),r=0;r<s.length;r++)(t=(e=s[r]).getAttribute("data-secret"))||(t=Math.random().toString(36).substring(2,12),e.src+="#?secret="+t,e.setAttribute("data-secret",t)),e.contentWindow.postMessage({message:"ready",secret:t},"*")},!1)))}(window,document);
//# sourceURL=https://www.sdarm.ca/wp-includes/js/wp-embed.min.js
/* ]]> */
</script>

Du 19 au 21 mai 2023, nous avons eu le privilège d&rsquo;accueillir une conférence à Montréal. Le thème était « De l&rsquo;huile dans ma lampe », comment le reste du peuple de Dieu doit se préparer à la bénédiction de la pluie de l&rsquo;arrière-saison. Environ 120 participants […]
